t is the highest common factor of c and n?
26
Let h = -547 - -907. Calculate the highest common factor of 160 and h.
40
Suppose v = 2*v - 15. Suppose 4*q - 13 - v = -4*u, 0 = -4*u + 5*q + 37. Calculate the highest common factor of 8 and u.
8
Let n(c) = 2*c**3 + 7*c**2 - 6*c + 3. Let f be n(2). Let v = -6 - -13. What is the greatest common divisor of v and f?
7
Let h(b) = 4*b**2 - 12*b + 14. Let a be h(3). Calculate the greatest common factor of a and 637.
7
Let o = 200 - 313. Let r = o - -253. What is the greatest common divisor of r and 20?
20
Suppose 2*b + 25 = 7*b, 8*l - 3*b - 2505 = 0. Calculate the highest common factor of l and 42.
21
Let o = -69 + 63. Let r be (4 - (-32)/(-2))/(9/o). Suppose 3*x + 54 = 3*j, 3*j - 5*x - 47 - 3 = 0. What is the highest common factor of j and r?
4
Let m = 30 + -16. Suppose 2*o = -3*o + 3*h - 38, -o - h = m. Let t(l) = -l**2 - 11*l + 3. Let v be t(o). What is the greatest common divisor of 39 and v?
13
Let b = 28 - 37. Let q = 1 - b. Calculate the greatest common divisor of 20 and q.
10
Suppose -l - 5*y = -20, 4*l - y - 40 - 103 = 0. Let m = 391 - 377. Calculate the greatest common factor of l and m.
7
Let r(o) = 173*o + 2 + 16*o + 69*o. Let v be r(1). Calculate the highest common divisor of 20 and v.
20
Let n be 673/3 + 106/159. Calculate the greatest common divisor of 30 and n.
15
Let a = 53 - -109. Let u = 182 - a. Calculate the greatest common factor of 10 and u.
10
Let o(d) = 8*d + 6. Let c(w) = -w**2 + 2*w + 2. Let t be c(4). Let q be o(t). Let r be (0 + 3)/((-9)/q). What is the greatest common divisor of r and 2?
2
Let m(c) = -c**2 - 7*c + 13. Let t be m(-8). Suppose 4*a - 60 = -2*w, 4*w + 0*a + t*a = 111. Calculate the greatest common factor of w and 3.
3
Suppose 4*s - 2*s = 48. Let t = s + -5. Let j = 37 - t. What is the greatest common factor of j and 180?
18
Suppose 8*v - 8 = 2*m + 6*v, v - 5 = 0. Let l = 1 - -2. What is the highest common divisor of m and l?
1
Let x(a) = 2*a + 2. Let d be x(1). Suppose -405 = -d*u - 5*u. Calculate the greatest common factor of 75 and u.
15
Let u(y) be the first derivative of y**4/4 - y**3 + y**2 + 6*y + 21. Let c be u(3). Calculate the highest common divisor of c and 60.
12
Let q(f) = 2*f + 8. Let l be q(24). Calculate the greatest common divisor of 32 and l.
8
Let q = 325 + -311. Calculate the highest common divisor of 28 and q.
14
Let p(w) = 2*w**3 - 4*w**2 + w - 4. Let k be p(3). Let g = -1125 + 1244. What is the greatest common divisor of g and k?
17
Let g(l) be the third derivative of -6*l**2 + 0 + 0*l + 1/2*l**3 - 3/8*l**4. Let p be g(-5). What is the highest common factor of p and 16?
16
Let b(q) = q + 8. Let t be b(0). Suppose 33 = 4*z - f, -2*f = 2 + t. Let j = 11 - z. What is the highest common divisor of 2 and j?
2
Let q be 3 + -1*88/(-2). Suppose -o = -5*v + 71, 0 = -v - 2*v + 5*o + q. Calculate the greatest common divisor of v and 154.
14
Let c be (-6)/(-21) - (-103)/7. Suppose -c = -i - 5. Suppose 6*a - 2*a = 360. Calculate the highest common factor of i and a.
10
Let k = 57 + -39. Suppose -4*z = -8, 3*z = 4*c + 6*z - k. Let j = 176 - 173. What is the highest common factor of c and j?
3
Suppose -53 = -2*o - 3*z, -2*o - 5*z + 46 = -9. What is the greatest common factor of o and 2275?
25
Let m = -20 - -22. Suppose -5*j = -3*c - 26, j - m*j = 2*c. Let o be c/(-5) - (-146)/10. What is the highest common divisor of o and 3?
3
Let z(o) = 7*o - 1. Let a be z(1). Suppose a = m - 0. Suppose -174*c + 120 = -169*c. Calculate the greatest common factor of m and c.
6
Let d(v) = v**2 + 6*v - 23. Let p be d(8). Suppose 15 = m - k + 4*k, -5*m = k - p. What is the highest common divisor of 144 and m?
18
Suppose 7*q = 516 + 219. Calculate the highest common divisor of 1680 and q.
105
Let h be -3 + (-56 - (2 + 0 - 2)). Let k = h - -66. Suppose -4 = -a + 3. What is the greatest common factor of k and a?
7
Suppose -640 = -25*a + 560. Calculate the highest common factor of 120 and a.
24
Suppose 2*a + 3*t - 23 = 0, 3*t + 16 = 3*a - 41. What is the greatest common divisor of a and 320?
16
Suppose 5*f - 108 = -4*r + 157, -2*f = -3*r + 216. Let v = 77 - r. What is the greatest common divisor of 7 and v?
7
Let t be (-48)/(-2*(-2)/(-4)). Let z = 38 + -36. Suppose -4*k = -j - 3*k + 18, -3*k + 26 = z*j. What is the highest common factor of t and j?
16
Suppose 3*l - 8 = -2. Let a be (-3)/l*(-16)/2. Calculate the greatest common divisor of 18 and a.
6
Let h(v) = -17*v + 90. Let o be h(-10). Calculate the greatest common factor of 26 and o.
26
Let x(s) = -s**3 - 5*s**2 + 11*s + 16. Let c be x(-7). What is the greatest common factor of 296 and c?
37
Let y = 1056 + 60. What is the highest common divisor of y and 36?
36
Let q(y) = -21*y + 3. Let c be q(3). Let f be ((-6)/9)/(2/c). Suppose -k - 4*k + 25 = 0. What is the greatest common divisor of f and k?
5
Let s(u) = -2*u**2 + 9*u - 12. Let b be s(4). Let q be 6*b/(-12) - 2. Suppose 0 = q*g - 7*g + 50. What is the highest common divisor of 40 and g?
10
Let d = 92 - 24. Let r = d + -62. Let k(b) = -21*b + 3. Let u be k(-3). What is the greatest common factor of r and u?
6
Let a be (162/(-3))/(8 + -10). What is the greatest common factor of a and 1?
1
Let o be ((-40)/(-65))/4 + 154/13. What is the greatest common factor of 192 and o?
12
Let p(o) be the second derivative of 3*o**3/2 + 5*o**2 + 11*o. Let k be p(4). Let z = 383 - 268. What is the highest common factor of k and z?
23
Let g = 1158 - 1030. What is the highest common factor of g and 96?
32
Suppose 0 = 6*d + 398 + 16. Let s = 78 + d. Calculate the greatest common divisor of 18 and s.
9
Suppose -18 = -4*s + a, -4*a + 0*a + 33 = 5*s. Suppose -456 = s*t - 11*t. Calculate the greatest common divisor of t and 19.
19
Suppose -v - 190 = -2*j - 37, 2*j - 156 = 4*v. Let m = j - 52. Calculate the greatest common divisor of m and 6.
6
Let z(y) = 14*y + 381. Let o be z(-24). What is the greatest common factor of 810 and o?
45
Suppose 193 = 4*s - 187. Suppose -2*l - 304 + 342 = 0. What is the greatest common factor of l and s?
19
Let t(x) = -7*x + 1. Let g be t(-9). What is the greatest common divisor of 8 and g?
8
Let k(b) = -b**3 + 7*b**2 + 12*b - 16. Let a be k(7). Let j = a + -46. What is the highest common factor of j and 154?
22
Let n = -11 - -35. Let q(p) = -p**3 + 7*p**2 + 6*p + 6. Let u be q(8). Let k be u/(15/18 - 1). Calculate the greatest common divisor of k and n.
12
Let x = -25 - -31. Suppose -x*d + 7 = -11. What is the greatest common divisor of d and 27?
3
Let m = -155 + 171. Suppose -2*u + 4*u + 12 = r, -2*r - 2*u = 6. Calculate the greatest common factor of r and m.
2
Let p = 61 - 65. Let c be (p/16)/((-2)/72). Calculate the greatest common factor of 63 and c.
9
Suppose 3*k = -3*y - 34 + 481, 283 = 2*k - y. What is the greatest common factor of 912 and k?
48
Suppose -6*t = 48 - 264. What is the greatest common factor of 63 and t?
9
Suppose -5*w = -w. Let i be 0 + (20 + w - 4). Calculate the highest common factor of 176 and i.
16
Let q be 37/(-74)*2*-31. Calculate the greatest common divisor of 1333 and q.
31
Let l(m) = 8*m. Let s(g) = 9*g. Let q(x) = -7*l(x) + 6*s(x). Let h be q(-10). Calculate the highest common factor of h and 4.
4
Let z(w) = 10*w**3 + 4*w**2 + 3*w - 14. Let f be z(2). What is the greatest common factor of f and 64?
8
Suppose -4*s + s = 0. Suppose -5*k + 1 - 16 = s. Let g be (4 + -3 + k)*-2. What is the greatest common divisor of g and 44?
4
Let g be 3/(-9)*-1*6. Suppose -g*q + 3 = -1. Let k be 8*4/q - -2. What is the greatest common divisor of k and 27?
9
Let g(f) = -f + 10. Let l be g(8). Suppose -3*y + 38 = l. What is the highest common divisor of 36 and y?
12
Suppose 0 = 3*i - 5*n + 27 - 72, 0 = -i + n + 13. Suppose 19*s - 76*s = -1140. Calculate the highest common factor of s and i.
10
Let d(x) = 4*x - 8. Suppose 0 = v + 2 - 6. Suppose -30 = -7*i + v*i. Let p be d(i). Calculate the greatest common factor of p and 16.
16
Let o = 1373 + -1065. What is the greatest common factor of 84 and o?
28
Let t be -4 + 5 - (-20)/(-2). Let j = 30 - t. Let v = 16 - 3. Calculate the highest common divisor of v and j.
13
Suppose m + 3*m + 4*h - 56 = 0, m - 2*h = 8. Let c be 1/3 - (-1)/(-3). Suppose -5*y + 21 - 1 = c. What is the highest common divisor of y and 